 What is the remainder when r is divided by 263?
254
Let c be (63/14)/(9/852). Suppose -5*m + c = -3*p, 10*m - 5*p + 74 = 11*m. Calculate the remainder when 329 is divided by m.
77
Suppose 25 = -p - 3*p - 3*g, 5*p = -g - 34. What is the remainder when 71 is divided by (-2)/p - (-750)/21?
35
Suppose -j - 122 = -3*y - 692, 2244 = 4*j - 3*y. Calculate the remainder when 1683 is divided by j.
9
Let o(u) = u**2 - 2*u + 19. Suppose 5*m + 16*m = 84. What is the remainder when o(m) is divided by 10?
7
Let d = 332 - 323. Suppose 2*j = 181 + d. Calculate the remainder when j is divided by 20.
15
Suppose -5*t = -2*g - 3*t + 216, -3*t + 12 = 0. Let a = 169 - 134. Calculate the remainder when g is divided by a.
7
Suppose 2*q = -20*q - 4180. Let t = 194 + q. What is the remainder when t is divided by 2?
0
What is the remainder when 2/(-3)*87039/(-114) is divided by 18?
5
Suppose -828 - 419 = 25*n - 54*n. Calculate the remainder when n is divided by (1*7)/(1/4).
15
Suppose i - 13 = -4. Let r(z) = -16*z. Let b be r(-6). Let n = -62 + b. What is the remainder when n is divided by i?
7
Suppose 0 = -6*o + 2*o + 16, 3*r + 4*o = 73. Let y = -17 + r. Suppose 0 = -3*h + 5*u + 66, y*h + 3*u - 60 = u. What is the remainder when 52 is divided by h?
25
What is the remainder when ((-2587)/(-78))/((-3)/6)*-27 is divided by 100?
91
Let l(q) = 3*q + 19. Let g be l(-5). Suppose 5*w + g*j - 693 = 0, 0 = 4*w - 5*j + 147 - 726. Calculate the remainder when w is divided by 36.
33
Let z(d) = -d**3 + 6*d**2 + 13*d - 19. Suppose -5*c + 3*u + 41 = 6*u, u - 16 = -2*c. Calculate the remainder when 525 is divided by z(c).
19
Let p = 10 - 10. Suppose 0 = 5*j + 2*s - 55, 0 = -p*s - 5*s - 25. Calculate the remainder when 7/(-7) - (-62 + 0) is divided by j.
9
Suppose -5*z - t - 116 = 0, t - 59 = 5*z + 65. Let n = z + -13. Let b = 80 + n. Calculate the remainder when 126 is divided by b.
40
Suppose 66*j - 32743 + 6541 = 21186. What is the remainder when j is divided by 5?
3
Suppose -17*c = -2*c - 210. Suppose -2*r = 5 - 9. Let v(f) = 18*f**2 - 5*f + 5. What is the remainder when v(r) is divided by c?
11
Let a(z) = -6. Let r(q) = q + 7. Let v = -35 + 37. Let u(l) = v*a(l) + 3*r(l). What is the remainder when 42 is divided by u(0)?
6
Let x(y) = y + 10. Let f be x(5). Suppose -13*p + f = -18*p. Calculate the remainder when 118/6 - 4/p is divided by 8.
5
Suppose 1790 = -16*d + 2542. Suppose -u = 2*x - 41, 2*x - 4*u = 21 + 15. Calculate the remainder when d is divided by x.
7
Let r(c) = c**3 - 17*c**2 + 5*c + 5. Let w be r(16). Let o = w - -293. Let h = -85 + o. Calculate the remainder when 109 is divided by h.
35
Let q = 209 + 81. Let v = q - 241. What is the remainder when v is divided by 12?
1
Let t = -390 + 477. Suppose -t*d = -92*d + 690. What is the remainder when d is divided by 20?
18
Let a be -1 + 3 - (-231)/14*14. Let y = 238 - a. What is the remainder when 11 is divided by y?
1
Suppose 5*q = 2*x + 19 - 208, -2*q + 99 = x. What is the remainder when 7176 is divided by x?
95
Suppose 75*h = 69*h + 78. Suppose -5*d - 1640 = -h*d. Calculate the remainder when d is divided by 69.
67
Let g(u) = u**3 + 15*u**2 + 14*u - 34. Let f be g(-12). Suppose -3*t - m = -347, -4*t + 2*t + f = 2*m. What is the remainder when t is divided by 24?
20
Let t(i) be the second derivative of -5*i**3/6 - 77*i**2/2 - i + 14. What is the remainder when 37 is divided by t(-17)?
5
Let f(d) = -290*d + 84. Let i(p) = -72*p + 20. Let u(m) = -2*f(m) + 9*i(m). Calculate the remainder when ((-46)/8)/(2/(-8)) is divided by u(0).
11
Let k = 250 - 246. Suppose -2*g = -10, 0 = 2*a - k*a - 3*g + 49. Calculate the remainder when 80 is divided by a.
12
Let w(b) = -b**3 + 16*b**2 + 25*b - 45. Let m be w(16). Let v = m - 337. Calculate the remainder when 105 is divided by v.
15
Let l = 343 - 305. Suppose 0 = r - 4*h - 167 - l, -229 = -r - 2*h. Calculate the remainder when r is divided by 37.
36
Let a(g) = -g + 5. Let m be (-4 - (-16)/6)*3. Let z(x) = -4*x + 168. Calculate the remainder when a(m) is divided by z(41).
1
Let o = 75 + -73. Let d be -87*(2 + o + -3 + -2). Let b = d - 86. Calculate the remainder when b is divided by 1.
0
Let y(s) = -3*s**3 - 396*s**2 + 802*s + 74. What is the remainder when y(-134) is divided by 332?
10
Calculate the remainder when 3202 is divided by ((-3)/(-21))/((-53)/(-33019)).
87
Let s(u) = u**3 + 20*u**2 - 21*u + 28. Let w be s(-21). Suppose -35 - w = -q. What is the remainder when q is divided by 25?
13
Let m = 68 + -22. Suppose 0 = -6*v + 10*v - 208. Let q = v - m. What is the remainder when 9 is divided by q?
3
What is the remainder when 545 is divided by ((-12825)/(-1125))/(3/10)?
13
Suppose t + 572 = -10*t. Let n = 63 + t. Let c = 1 + 2. Calculate the remainder when n is divided by c.
2
Let t = -66 + 66. Let z be (0 - 0)/(t - -3). Suppose -3*a + 68 + 16 = z. What is the remainder when 108 is divided by a?
24
Suppose 40*t - 7514 = 702 + 1384. Calculate the remainder when t is divided by 91.
58
Suppose y = 4*t + 825 - 2962, 5*t - 2668 = -2*y. What is the remainder when t is divided by 89?
0
Suppose 126*g - 2625 = 141*g. Calculate the remainder when -5 + (-25)/(g/2184) is divided by 44.
43
Let r(q) = 92*q + 2067. What is the remainder when r(-17) is divided by 228?
47
Let r = -5859 - -5878. Calculate the remainder when 1399 is divided by r.
12
Let j(i) = 86 - 37*i - 44 - 44. Suppose 5*s - 4*s = -2. Calculate the remainder when j(s) is divided by 15.
12
Suppose q = 1 + 3. Suppose q = 6*n - 8. Calculate the remainder when -1*41/((n - 3) + 0) is divided by 15.
11
Suppose 48*a - 60 = 44*a. Suppose -a*v = -v - 462. Calculate the remainder when 65 is divided by v.
32
Suppose -21*l + 673 + 573 + 56 = 0. Calculate the remainder when 8610 is divided by l.
54
Suppose 5*b + 742 = 2*a, -4*b - 1874 = -4*a - 414. What is the remainder when 1083 is divided by a?
0
Suppose 5*t - q - 31 = 0, 4*t - 3*t + 4*q - 23 = 0. What is the remainder when (-19)/(-114) - 95/(-6) is divided by t?
2
Suppose -4*h = -0*h - 184. Let i(y) = 0*y - h + 43 - y. What is the remainder when 50 is divided by i(-20)?
16
What is the remainder when (54/(-11))/(-9) + (66636/44 - 1) is divided by 11?
7
Suppose -5*a - 7*s + 111 = -159, 3*s = -2*a + 108. Calculate the remainder when 221 is divided by a.
5
Calculate the remainder when 229 is divided by ((-5)/((-25)/(-42)))/((-6)/100*5).
5
Let p = -875 - -942. Suppose -2*j + 6*j + 5*z - 40 = 0, 0 = -j - 4*z + 10. What is the remainder when p is divided by j?
7
Suppose 57*d + 49*d - 26*d = 283680. What is the remainder when d is divided by 709?
1
Let u(k) = 33*k - 46. Let h(c) = 67*c - 93. Let x(p) = 3*h(p) - 7*u(p). Let l be x(5). Let q = l - -133. What is the remainder when q is divided by 6?
2
Suppose -16*t - 9958 = -17*t - 12*t. Calculate the remainder when t is divided by 86.
78
Suppose 24 = -5*u + 11*u. Suppose -u*b = 5*g - 87, g - 4 = 4*b - 1. Calculate the remainder when 58 is divided by (24/g)/(48/(-25) + 2).
18
Let j(a) = 5*a**2 - 152*a + 25. Suppose 3*l - 26*h - 98 = -27*h, 0 = -l + 2*h + 21. What is the remainder when j(l) is divided by 21?
13
Let f(j) = 26*j - 15. Let d be f(3). Suppose 2*k + k = d. What is the remainder when k is divided by 11?
10
Let r(i) = -14*i + 92. Let l be r(7). Calculate the remainder when 463 is divided by (-1 - l) + -106*3/(-6).
57
Suppose 48*w + 4673 = 39905. What is the remainder when w is divided by 14?
6
Let l = 2846 - 2786. Calculate the remainder when 1019 is divided by l.
59
Suppose 3*c = y - 2*y - 243, 4*y + 252 = -3*c. Let r = c + 104. Suppose 5*o + 0*o - 3*g = 34, 3*g = 3*o - r. Calculate the remainder when o is divided by 2.
1
Suppose -5*p = -4*c - 92, -4*p + 6*c - 5*c = -67. What is the remainder when 3245 is divided by p?
13
Let w(g) = 51*g + 3179. Calculate the remainder when 49 is divided by w(-62).
15
Let i be (-10)/5*6/(-3). Suppose 0*b + i = b, 3*x + b = 142. Calculate the remainder when 88 is divided by x.
42
Suppose -7 = z + 4*d - 31, 192 = 5*z - 4*d. Suppose -398 = -4*n - 5*p, 741*n - 742*n - 2*p + 95 = 0. Calculate the remainder when n is divided by z.
35
Let o(v) = -v**3 + 14*v**2 + 25*v + 238. What is the remainder when o(16) is divided by 22?
16
Suppose -5*x - 69 = 296. Let n be -46 - (1/(-3))/((-5)/30). Let y = n - x. What is the 